 297. Calculate the greatest common divisor of v and i.
33
Let n be (384/24)/(4/(-22)). Suppose -2*v + v = -115. Let t = n + v. What is the highest common divisor of 36 and t?
9
Suppose 0 = -5*z + 2*n - 35, 3*z = 2*n + n - 30. Let m be (2 + -1)/(z/575). Let w = m - -150. What is the highest common divisor of w and 21?
7
Suppose 3*w - 9 = 0, -14*n - 7 = -15*n - w. Calculate the greatest common divisor of n and 27.
1
Let v = 85 - 80. Suppose 3*j - 24 = -3*a, -a - 2*j - 4 = -v*j. Let m = 51 + a. Calculate the greatest common factor of 16 and m.
8
Suppose -z = q - 3346, -13*z + 13349 = -9*z - q. Calculate the greatest common divisor of z and 45.
9
Let d(h) = 10*h**3 + 180*h**2 - 4*h - 31. Let s be d(-18). Suppose 0 = -v - 0*v + 205. Suppose -3*a + 4*a = v. What is the highest common divisor of a and s?
41
Let s be 66/(4/4 + -2). Let l = s + 354. Calculate the greatest common factor of l and 24.
24
Let j(u) = 172*u + 708. Let n be j(-4). Let r be ((-60)/18)/((-2)/30). What is the greatest common factor of n and r?
10
Let i(k) = k**2 - 22*k - 116. Let g be i(16). Let o = g - -250. Calculate the greatest common factor of 418 and o.
38
Let f be (-8358)/(-189) - (-18)/(-81). Let b = -32 - -54. Calculate the greatest common divisor of b and f.
22
Let r be (12 - 2*-1)/1. Let t(v) = 20*v - 78. Suppose 15*b = 25 + 35. Let n be t(b). Calculate the greatest common factor of r and n.
2
Suppose -15 = 6*j - 9*j. Suppose -2*t - 179 = -j*g - 35, 5*g = -4*t + 132. What is the highest common factor of g and 42?
14
Let n be 1*5/3 - 4/(-12). Suppose -204 = -4*p - 5*y, 43 = p - n*y - 8. Let m be p - 0*5/(-25). What is the greatest common factor of m and 34?
17
Let h(p) = 2*p + 1. Let j(u) = 16*u - 25. Let n(z) = 6*h(z) - j(z). Let b be n(0). Calculate the highest common factor of 527 and b.
31
Suppose 0 = 4*w - 8, -6*q + 173*w - 168*w + 2330 = 0. What is the highest common factor of q and 1248?
78
Let l be (9 + 1136/(-12) + -3)/((-5)/60). What is the highest common factor of 10906 and l?
266
Let k = -284 - -299. Suppose 482 + 1003 = k*t. What is the highest common divisor of t and 9?
9
Let i = 3257 - -2213. What is the highest common divisor of 20 and i?
10
Suppose 30*f = 35*f + 120. Let a(h) = -h**3 - 23*h**2 + 23*h + 30. Let s be a(f). What is the greatest common factor of s and 12?
6
Suppose -s = -2*c - 240, -c + 215 = 5*s - 985. Let h be 12/20 + (-171)/(-15). Calculate the highest common divisor of s and h.
12
Let b(p) be the first derivative of p**3/3 + p**2 - 108*p - 199. Let o be b(15). Calculate the greatest common divisor of 3 and o.
3
Suppose 10*f + 4*a - 12 = 11*f, f = a. Suppose -3*j + 5 = -1. Let i be ((-1)/j)/(1/(-12)). Calculate the highest common factor of i and f.
2
Suppose 2*l = -6, 25 = -2*z - 4*l - 21. Let h = 42 + z. Calculate the highest common divisor of h and 625.
25
Suppose -25 = -13*o + 1. Let a(i) = 3*i**2 + 2*i - 5. Let k be a(o). Suppose 0 = k*p - 396 - 110. What is the highest common factor of p and 46?
46
Let a be 2 + (36/6 - 6). Suppose -57 = -a*i - 3. Let h = -129 - -318. What is the highest common factor of h and i?
27
Let x = -30999 - -40593. What is the greatest common factor of 156 and x?
78
Suppose -455242 = 27*t - 100*t - 21*t. Calculate the highest common divisor of 29 and t.
29
Suppose -s - 14 = -20. Let m be 204/54 + s/27. Let p(x) = x + 9. Let a be p(m). What is the highest common factor of a and 208?
13
Let t be 1/((-431)/651 + 4/6). Let w be (-8 - -2)/((-4)/14). Calculate the highest common divisor of t and w.
7
Let l = -1347 - -1463. Calculate the highest common factor of 1015 and l.
29
Let t = -2040 + 2364. Calculate the highest common factor of t and 684.
36
Let g = 3875 + -3820. Calculate the highest common factor of 517 and g.
11
Let p = 19 - 17. Suppose -o + p*g = -13 + 3, 4*g - 92 = -5*o. Suppose -8*r + 384 = 4*r. Calculate the greatest common divisor of r and o.
16
Let l be (-15)/(-10) + (63/(-6) - -1). Let m be ((-300)/80)/(5/l). Calculate the highest common divisor of m and 15.
3
Let j be -4*(-3)/6*(-6)/(-4). Let m be j + 85/(-25) - (-44)/10. Suppose m*g - 189 = -3*g. Calculate the greatest common factor of 3 and g.
3
Suppose 5*s + 3*l - 10176 = 0, -s + 40*l - 43*l + 2040 = 0. Calculate the greatest common divisor of s and 54.
18
Let a = -21 + 59. Suppose -6*w + 25*w = a. What is the greatest common divisor of 16 and w?
2
Let l(d) = 65*d + 28. Let z be l(-6). Let i = z + 427. Calculate the greatest common divisor of 780 and i.
65
Let q(w) = -w**3 + 11*w**2 + 11*w + 46. Let g be (-72)/2*(-5)/15. Let c be q(g). Let d be 0*1/(-3) + 102. Calculate the greatest common factor of c and d.
34
Let q = 1042 + -777. Calculate the highest common factor of q and 212.
53
Suppose 3*q + 2*j + 527 = -3*j, j = 4*q + 718. Let x = -65 - q. What is the greatest common factor of 6 and x?
6
Suppose -5*x + 7*o - 5*o = -234, -o + 99 = 2*x. Calculate the greatest common divisor of x and 708.
12
Let x be (0 + 2)/((-2)/(-3)). Suppose 3*a - x*d = 3, 3*a + 8*d - 3*d = -21. Let z be (-3*6/(-27))/(a/(-3)). Calculate the highest common factor of z and 5.
1
Let r = -247 - -351. Calculate the highest common factor of 7124 and r.
52
Let n be (238779/1161)/(2/114 + 0) + -5. What is the greatest common divisor of 630 and n?
126
Let k(d) = 9*d**2 - 5*d + 2. Let m be k(2). Let z = m - 4. Suppose -z*v = -20*v - 8. Calculate the greatest common factor of 10 and v.
2
Let n be 28/5*(-10)/(-4). Let k(d) = d**3 - 4*d**2 - 8*d + 7. Let u be k(5). Let s be (70/n)/((-1)/u). What is the greatest common factor of s and 8?
8
Suppose 4*k - 2 = -3*s, 4*s - 5*k + 1 = 14. Suppose -h + 131 = 3*m, 5*m = s*h + 246 - 46. Calculate the highest common divisor of 24 and m.
6
Suppose -23 = 14*s - 23. Suppose -4*x = -4*r + 328, 4*r + 2*x = -s*r + 340. What is the highest common factor of 448 and r?
28
Let q(s) = 462*s + 16911. Let r be q(-36). What is the highest common divisor of 756 and r?
9
Let i be (-2 - -4) + -3 - -1. Suppose -h + 16 + 15 = i. Suppose -508 = -3*t + 515. What is the greatest common divisor of t and h?
31
Suppose -5*s + 2*h + 231 = -269, 25 = 5*h. Suppose 34*r - 1632 = -40*r + 3400. Calculate the greatest common factor of r and s.
34
Let j = -27 + 117. Suppose 5*l + 0 = -j. Let h = 26 + l. Calculate the highest common divisor of h and 88.
8
Let m(s) = 128*s**2 - 8*s + 14. Let p(k) = -193*k**2 + 12*k - 21. Let t(b) = 8*m(b) + 5*p(b). Let x be t(2). Calculate the highest common factor of x and 141.
47
Let o(f) = -7*f**3 + f**2 + 5*f - 7. Let b be o(-5). Let i = -484 + b. Calculate the highest common divisor of i and 12.
12
Suppose 2*o + 54 = -4*v + 8*v, -v + 3*o = -21. Suppose -4*h - 2*w = -120, -6*h = -3*h + 3*w - 84. What is the greatest common divisor of v and h?
4
Let s = 5741 - 5213. Calculate the highest common divisor of 957 and s.
33
Suppose -4*v + 0*v = -160. Let q(y) = 2*y**3 - 34*y**2 + y + 9. Let b be q(17). Suppose b*j - 20*j - 120 = 0. What is the greatest common divisor of v and j?
20
Let a(x) = 13*x - 33. Suppose 50*t + 77 = 57*t. Let n be a(t). Calculate the highest common factor of 10 and n.
10
Let q = 32 + -32. Suppose -19*g + 303 + 609 = q. What is the greatest common factor of g and 36?
12
Let c(j) = -j**2 - 22*j - 43. Let q be c(-19). Suppose 0 = q*d - 216 - 50. Calculate the highest common divisor of 38 and d.
19
Let h be (10*4)/((-195)/(-468)). What is the greatest common factor of h and 6?
6
Let f be -109*(-13)/26 - (-2)/(-4). Calculate the highest common factor of 468 and f.
18
Suppose 0 = -m, 4*m = p - 208 - 72. Let x = p - 276. What is the highest common divisor of 100 and x?
4
Let n(z) = 368*z + 8*z**2 + 13*z**2 - 3*z**3 + 2*z**3 - 376*z. Let s be n(20). What is the highest common divisor of 24 and s?
24
Let b be (-6)/(20/21 - 1). Suppose 4*w - 3*q = 153, 21*q = -w + 24*q + 45. Calculate the highest common factor of w and b.
18
Let t(h) = -h**2 - 3*h + 6. Let v be t(-4). Suppose k + 19 = 5*k + 3*x, 2*x = v*k - 6. Suppose -11 = -k*u + 13. Calculate the highest common factor of 15 and u.
3
Let h(k) = -754*k - 221. Let d be h(-1). Calculate the greatest common divisor of d and 52.
13
Suppose -161*w + 807 = 4*c - 166*w, -4*c = -2*w - 810. What is the highest common divisor of c and 1102?
29
Suppose 2*h - t = 432, 149 = -3*h - t + 